the prime factors of 1031.
1031
List the prime factors of 82078.
2, 41039
What are the prime factors of 1035?
3, 5, 23
List the prime factors of 1178.
2, 19, 31
What are the prime factors of 11434?
2, 5717
List the prime factors of 44785.
5, 13, 53
What are the prime factors of 14677?
13, 1129
List the prime factors of 20851.
29, 719
List the prime factors of 57646.
2, 19, 37, 41
What are the prime factors of 72054?
2, 3, 4003
What are the prime factors of 1109?
1109
List the prime factors of 1586.
2, 13, 61
What are the prime factors of 88682?
2, 11, 29, 139
What are the prime factors of 382?
2, 191
List the prime factors of 989.
23, 43
List the prime factors of 40370.
2, 5, 11, 367
What are the prime factors of 22110?
2, 3, 5, 11, 67
What are the prime factors of 1433?
1433
What are the prime factors of 1267?
7, 181
List the prime factors of 5014.
2, 23, 109
List the prime factors of 1799.
7, 257
What are the prime factors of 8924?
2, 23, 97
List the prime factors of 56393.
56393
What are the prime factors of 4923?
3, 547
What are the prime factors of 5109?
3, 13, 131
List the prime factors of 211.
211
What are the prime factors of 241?
241
What are the prime factors of 10199?
7, 31, 47
List the prime factors of 736.
2, 23
What are the prime factors of 315?
3, 5, 7
What are the prime factors of 40069?
17, 2357
List the prime factors of 419.
419
What are the prime factors of 63696?
2, 3, 1327
List the prime factors of 3316.
2, 829
What are the prime factors of 456?
2, 3, 19
List the prime factors of 21616.
2, 7, 193
What are the prime factors of 2495?
5, 499
List the prime factors of 18301.
18301
List the prime factors of 4639.
4639
What are the prime factors of 2945?
5, 19, 31
List the prime factors of 1620.
2, 3, 5
List the prime factors of 60408.
2, 3, 839
List the prime factors of 2413.
19, 127
What are the prime factors of 129856?
2, 2029
What are the prime factors of 6067?
6067
List the prime factors of 4942.
2, 7, 353
List the prime factors of 4291.
7, 613
What are the prime factors of 103745?
5, 20749
List the prime factors of 11374.
2, 11, 47
List the prime factors of 14239.
29, 491
What are the prime factors of 802?
2, 401
What are the prime factors of 388?
2, 97
List the prime factors of 383.
383
List the prime factors of 634.
2, 317
List the prime factors of 779.
19, 41
List the prime factors of 168388.
2, 11, 43, 89
List the prime factors of 953.
953
List the prime factors of 61.
61
What are the prime factors of 33827?
33827
What are the prime factors of 10000?
2, 5
What are the prime factors of 34557?
3, 11519
List the prime factors of 71351.
7, 10193
List the prime factors of 2383.
2383
What are the prime factors of 12966?
2, 3, 2161
List the prime factors of 601.
601
List the prime factors of 1085.
5, 7, 31
What are the prime factors of 1597?
1597
List the prime factors of 608.
2, 19
What are the prime factors of 544?
2, 17
What are the prime factors of 8401?
31, 271
List the prime factors of 17345.
5, 3469
List the prime factors of 7013.
7013
What are the prime factors of 42629?
47, 907
List the prime factors of 4886.
2, 7, 349
What are the prime factors of 3642?
2, 3, 607
What are the prime factors of 6771?
3, 37, 61
What are the prime factors of 119293?
119293
List the prime factors of 148.
2, 37
What are the prime factors of 47236?
2, 7, 241
List the prime factors of 43101.
3, 4789
List the prime factors of 60545.
5, 12109
List the prime factors of 26089.
7, 3727
What are the prime factors of 20937?
3, 7, 997
What are the prime factors of 73568?
2, 11, 19
What are the prime factors of 525?
3, 5, 7
What are the prime factors of 269?
269
What are the prime factors of 1696?
2, 53
What are the prime factors of 11415?
3, 5, 761
What are the prime factors of 1653?
3, 19, 29
List the prime factors of 1293.
3, 431
What are the prime factors of 37999?
13, 37, 79
What are the prime factors of 591?
3, 197
List the prime factors of 10276.
2, 7, 367
What are the prime factors of 48850?
2, 5, 977
List the prime factors of 45072.
2, 3, 313
What are the prime factors of 10169?
10169
What are the prime factors of 2103?
3, 701
List the prime factors of 218.
2, 109
List the prime factors of 4983.
3, 11, 151
What are the prime factors of 9815?
5, 13, 151
What are the prime factors of 6059?
73, 83
What are the prime factors of 392?
2, 7
What are the prime factors of 28741?
41, 701
List the prime factors of 17222.
2, 79, 109
List the prime factors of 470.
2, 5, 47
List the prime factors of 2121.
3, 7, 101
List the prime factors of 29800.
2, 5, 149
What are the prime factors of 1946?
2, 7, 139
List the prime factors of 44614.
2, 22307
What are the prime factors of 102?
2, 3, 17
What are the prime factors of 2289?
3, 7, 109
What are the prime factors of 11322?
2, 3, 17, 37
What are the prime factors of 9480?
2, 3, 5, 79
What are the prime factors of 46687?
46687
List the prime factors of 13122.
2, 3
What are the prime factors of 797?
797
What are the prime factors of 84090?
2, 3, 5, 2803
What are the prime factors of 2513?
7, 359
What are the prime factors of 125?
5
List the prime factors of 23153.
13, 137
What are the prime factors of 7465?
5, 1493
What are the prime factors of 5586?
2, 3, 7, 19
What are the prime factors of 36117?
3, 4013
List the prime factors of 9914.
2, 4957
What are the prime factors of 8033?
29, 277
What are the prime factors of 6965?
5, 7, 199
List the prime factors of 5772.
2, 3, 13, 37
What are the prime factors of 43172?
2, 43, 251
What are the prime factors of 42708?
2, 3, 3559
List the prime factors of 4784.
2, 13, 23
What are the prime factors of 54791?
11, 17, 293
What are the prime factors of 54879?
3, 11, 1663
List the prime factors of 625.
5
What are the prime factors of 4846?
2, 2423
What are the prime factors of 11619?
3, 1291
List the prime factors of 15613.
13, 1201
List the prime factors of 92857.
92857
List the prime factors of 12309.
3, 11, 373
List the prime factors of 2038.
2, 1019
List the prime factors of 2356.
2, 19, 31
List the prime factors of 10090.
2, 5, 1009
What are the prime factors of 12661?
11, 1151
What are the prime factors of 676?
2, 13
List the prime factors of 148.
2, 37
List the prime factors of 2506.
2, 7, 179
List the prime factors of 1407.
3, 7, 67
List the prime factors of 6680.
2, 5, 167
List the prime factors of 972.
2, 3
List the prime factors of 23070.
2, 3, 5, 769
List the prime factors of 758.
2, 379
List the prime factors of 556.
2, 139
List the prime factors of 4751.
4751
What are the prime factors of 1311?
3, 19, 23
What are the prime factors of 154843?
13, 43, 277
What are the prime factors of 3736?
2, 467
List the prime factors of 101576.
2, 12697
What are the prime factors of 11209?
11, 1019
List the prime factors of 710.
2, 5, 71
What are the prime factors of 81809?
7, 13, 29, 31
What are the prime factors of 22915?
5, 4583
List the prime factors of 5334.
2, 3, 7, 127
List the prime factors of 7684.
2, 17, 113
List the prime factors of 28554.
2, 3, 4759
List the prime factors of 1016.
2, 127
List the prime factors of 13694.
2, 41, 167
List the prime factors of 297.
3, 11
What are the prime factors of 16085?
5, 3217
List the prime factors of 13219.
13219
List the prime factors of 12229.
7, 1747
What are the prime factors of 12183?
3, 31, 131
List the prime factors of 6224.
2, 389
What are the prime factors of 1182?
2, 3, 197
What are the prime factors of 217?
7, 31
What are the prime factors of 3425?
5, 137
List the prime factors of 42214.
2, 21107
List the prime factors of 12876.
2, 3, 29, 37
List the prime factors of 1073.
29, 37
List the prime factors of 1867.
1867
List the prime factors of 1722.
2, 3, 7, 41
What are the prime factors of 7831?
41, 191
List the prime factors of 488.
2, 61
List the prime factors of 164.
2, 41
What are the prime factors of 2543?
2543
List the prime factors of 2845.
5, 569
What are the prime factors of 656?
2, 41
List the prime factors of 5475.
3, 5, 73
List the prime factors of 2625.
3, 5, 7
List the prime factors of 13657.
7, 1951
List the prime factors of 45864.
2, 3, 7, 13
What are the prime factors of 360?
2, 3, 5
What are the prime factors of 1745?
5, 349
List the prime factors of 3762.
2, 3, 11, 19
List the prime factors of 4